{"id":22,"date":"2013-07-08T20:12:30","date_gmt":"2013-07-08T18:12:30","guid":{"rendered":"http:\/\/psg-erftstadt-niederberg.de\/?page_id=22"},"modified":"2020-10-26T17:16:32","modified_gmt":"2020-10-26T15:16:32","slug":"reitverein","status":"publish","type":"page","link":"https:\/\/psg-erftstadt-niederberg.de\/?page_id=22","title":{"rendered":"Verein"},"content":{"rendered":"<h2>Pferdesportgemeinschaft Erftstadt-Niederberg e.V.<\/h2>\n<p>Die Pferdesportgemeinschaft Erftstadt-Niederberg e.V. wurde 1993 als Reitverein Erftstadt-Ahrem e.V. von einigen f\u00fcr den Freizeit- und Turniersport engagierten Reitern der Reitschule von Almut Eilers gegr\u00fcndet. Bedingt durch den Umzug der Ponyreitschule Almut Eilers, an die der Verein angegliedert ist, von Erftstadt Ahrem nach Erftstadt Niederberg im Jahr 2012, wurde der Verein 2013 in \u201ePferdesportgemeinschaft Erftstadt-Niederberg e.V.\u201c (PSG Erftstadt-Niederberg e.V.) umbenannt.<\/p>\n<p><strong>Die Satzung des Vereins richtet sich nach den Vorgaben der Gemeinn\u00fctzigkeit und den Richtlinien der Deutschen Reiterlichen Vereinigung (FN).<\/strong><\/p>\n<p>Zweck und Aufgabe des etwa 100 Mitglieder umfassenden Vereins ist es unter anderem, den Breiten- und Leistungssport in allen reiterlichen Disziplinen zu f\u00f6rdern und seine Mitglieder gegen\u00fcber Beh\u00f6rden, der Gemeinde, dem Kreisreiterverband und der Reiterlichen Vereinigung zu vertreten. Hauptaugenmerk liegt dabei auf der Jugendarbeit.<\/p>\n<p>Der Verein ist Mitglied des Pferdesportverbandes Rhein-Erft und dadurch Mitglied des Landesverbandes der Reit- und Fahrvereine in Nordrhein Westfalen und der Deutschen Reiterlichen Vereinigung e.V. (FN).<\/p>\n<p><strong>Der j\u00e4hrliche Mitgliedsbeitrag f\u00fcr Erwachsene liegt derzeit bei 40 Euro, f\u00fcr Jugendliche bei 30 Euro. Jugendliche, die im Haushalt eines erwachsenen Vereinsmitglieds leben, erhalten einen Familienrabatt und zahlen nur 25 Euro.<\/strong><\/p>\n<p><b><br \/>\n<strong>Den Aufnahmeantrag \u00a0finden Sie hier im Downloadbereich.<\/strong><\/b><\/p>\n<p><a href=\"http:\/\/psg-erftstadt-niederberg.de\/wp-content\/uploads\/2013\/10\/Mitgliedsgeb\u00fchr-Lastscrift-PSG.pdf\">\u00a0<\/a><\/p>\n<p>Wir pflegen ein reges Vereinsleben und veranstalten Grillfeste, Spieleabende, Geschicklichkeitsturniere und Reiterrallyes f\u00fcr Jung und Alt. Im Dezember laden wir unsere Mitglieder zu einer Weihnachtsfeier ein und jedes Jahr nehmen wir als eigene Gruppe am Karnevalszug unseres Heimatortes teil.<\/p>\n<p>H\u00f6hepunkt ist in jedem Jahr die Ausrichtung des gro\u00dfen Sommerturniers, bei dem wir in den letzten Jahren Ausrichter der Kreismeisterschaften in Dressur und Springen der Leistungsklassen 0, 6 und 5 des Kreisverbands Rhein-Erft waren.<\/p>\n<p><b>Die Reiter und Reiterinnen der PSG Erftstadt-Niederberg nehmen regelm\u00e4\u00dfig mit gro\u00dfem Erfolg an regionalen und \u00fcberregionalen Turnieren teil und halten zahlreiche Kreismeistertitel.<\/b><\/p>\n<h3 style=\"text-align: center;\"><\/h3>\n<p style=\"text-align: center;\"><span style=\"color: #808080;\"><br \/>\n<\/span><\/p>\n<h3 style=\"text-align: center;\"><\/h3>\n","protected":false},"excerpt":{"rendered":"<p>Pferdesportgemeinschaft Erftstadt-Niederberg e.V. Die Pferdesportgemeinschaft Erftstadt-Niederberg e.V. wurde 1993 als Reitverein Erftstadt-Ahrem e.V. von einigen f\u00fcr den Freizeit- und Turniersport engagierten Reitern der Reitschule von Almut Eilers gegr\u00fcndet. Bedingt durch den Umzug der Ponyreitschule Almut Eilers, an die der Verein angegliedert ist, von Erftstadt Ahrem nach Erftstadt Niederberg im Jahr 2012, wurde der Verein 2013<a class=\"rmore\" href=\"https:\/\/psg-erftstadt-niederberg.de\/?page_id=22\">&nbsp;&nbsp; Read More &#8230;<\/a><\/p>\n","protected":false},"author":1,"featured_media":0,"parent":0,"menu_order":0,"comment_status":"open","ping_status":"open","template":"","meta":{"footnotes":""},"class_list":["post-22","page","type-page","status-publish","hentry"],"_links":{"self":[{"href":"https:\/\/psg-erftstadt-niederberg.de\/index.php?rest_route=\/wp\/v2\/pages\/22","targetHints":{"allow":["GET"]}}],"collection":[{"href":"https:\/\/psg-erftstadt-niederberg.de\/index.php?rest_route=\/wp\/v2\/pages"}],"about":[{"href":"https:\/\/psg-erftstadt-niederberg.de\/index.php?rest_route=\/wp\/v2\/types\/page"}],"author":[{"embeddable":true,"href":"https:\/\/psg-erftstadt-niederberg.de\/index.php?rest_route=\/wp\/v2\/users\/1"}],"replies":[{"embeddable":true,"href":"https:\/\/psg-erftstadt-niederberg.de\/index.php?rest_route=%2Fwp%2Fv2%2Fcomments&post=22"}],"version-history":[{"count":27,"href":"https:\/\/psg-erftstadt-niederberg.de\/index.php?rest_route=\/wp\/v2\/pages\/22\/revisions"}],"predecessor-version":[{"id":1649,"href":"https:\/\/psg-erftstadt-niederberg.de\/index.php?rest_route=\/wp\/v2\/pages\/22\/revisions\/1649"}],"wp:attachment":[{"href":"https:\/\/psg-erftstadt-niederberg.de\/index.php?rest_route=%2Fwp%2Fv2%2Fmedia&parent=22"}],"curies":[{"name":"wp","href":"https:\/\/api.w.org\/{rel}","templated":true}]}}